atest common divisor of 182 and 301?
7
Calculate the greatest common divisor of 115 and 1679.
23
Calculate the highest common factor of 18 and 279.
9
Calculate the greatest common divisor of 710 and 10.
10
Calculate the greatest common factor of 11 and 2585.
11
What is the highest common divisor of 12504 and 16?
8
What is the greatest common divisor of 94 and 7332?
94
What is the greatest common factor of 14 and 4?
2
Calculate the highest common factor of 58 and 18.
2
What is the highest common factor of 40 and 420?
20
What is the greatest common factor of 12755 and 5?
5
What is the highest common factor of 372 and 36?
12
Calculate the highest common factor of 460 and 92.
92
What is the highest common factor of 18 and 72?
18
What is the highest common factor of 3350 and 938?
134
Calculate the highest common divisor of 4 and 76.
4
What is the greatest common factor of 32 and 76?
4
Calculate the greatest common divisor of 960 and 270.
30
Calculate the greatest common factor of 962 and 296.
74
What is the highest common factor of 1150 and 1600?
50
Calculate the highest common divisor of 518 and 4.
2
Calculate the greatest common divisor of 2 and 3.
1
Calculate the greatest common factor of 6 and 1950.
6
Calculate the greatest common factor of 63 and 3591.
63
Calculate the highest common divisor of 2195 and 10.
5
Calculate the greatest common factor of 14 and 966.
14
Calculate the highest common divisor of 16 and 12.
4
What is the highest common factor of 3072 and 96?
96
What is the highest common factor of 9 and 384?
3
Calculate the greatest common divisor of 210 and 30.
30
What is the greatest common factor of 50 and 30?
10
Calculate the highest common factor of 264 and 32.
8
What is the highest common divisor of 64 and 1984?
64
Calculate the highest common factor of 996 and 18.
6
What is the highest common divisor of 59 and 2714?
59
Calculate the greatest common divisor of 711 and 9.
9
Calculate the highest common divisor of 30 and 14390.
10
What is the highest common factor of 760 and 8170?
190
What is the highest common factor of 240 and 336?
48
What is the greatest common factor of 81 and 1566?
27
Calculate the highest common factor of 120 and 2820.
60
What is the greatest common divisor of 371 and 212?
53
What is the greatest common divisor of 14 and 11998?
14
Calculate the greatest common divisor of 1834 and 7.
7
Calculate the highest common factor of 11936 and 96.
32
What is the greatest common divisor of 279 and 29109?
93
Calculate the highest common divisor of 207 and 18.
9
What is the greatest common divisor of 636 and 168?
12
Calculate the greatest common factor of 28 and 21.
7
What is the greatest common factor of 2612 and 12?
4
What is the greatest common factor of 1485 and 648?
27
What is the highest common factor of 12 and 10932?
12
What is the highest common factor of 22843 and 53?
53
What is the highest common divisor of 42 and 1792?
14
Calculate the greatest common factor of 144 and 404.
4
Calculate the greatest common factor of 54 and 2772.
18
What is the highest common factor of 1029 and 1554?
21
What is the greatest common factor of 369 and 574?
41
Calculate the highest common divisor of 205 and 1435.
205
What is the highest common divisor of 205 and 1107?
41
What is the highest common factor of 1856 and 2436?
116
What is the highest common factor of 35616 and 21?
21
What is the greatest common factor of 37968 and 84?
84
What is the greatest common factor of 2510 and 85?
5
Calculate the greatest common divisor of 15957 and 81.
81
What is the greatest common divisor of 90 and 135?
45
Calculate the greatest common divisor of 9774 and 378.
54
What is the greatest common factor of 74 and 2738?
74
Calculate the greatest common divisor of 616 and 2618.
154
Calculate the greatest common factor of 35 and 10.
5
Calculate the highest common divisor of 465 and 615.
15
Calculate the highest common factor of 18424 and 282.
94
What is the greatest common factor of 57 and 15789?
57
What is the highest common divisor of 32 and 172?
4
What is the highest common divisor of 224 and 1274?
14
Calculate the highest common divisor of 410 and 3526.
82
Calculate the highest common factor of 21 and 847.
7
What is the greatest common divisor of 2471 and 7?
7
Calculate the highest common factor of 250 and 50.
50
What is the highest common factor of 33898 and 34?
34
What is the greatest common factor of 206 and 515?
103
What is the highest common divisor of 54 and 135?
27
Calculate the greatest common divisor of 40 and 1280.
40
What is the highest common divisor of 9594 and 39?
39
What is the highest common divisor of 26 and 39?
13
Calculate the highest common factor of 2379 and 39.
39
Calculate the greatest common factor of 15 and 465.
15
What is the highest common divisor of 95 and 247?
19
Calculate the highest common divisor of 90 and 6390.
90
Calculate the greatest common divisor of 20 and 780.
20
What is the greatest common factor of 10 and 102?
2
What is the greatest common divisor of 9108 and 132?
132
Calculate the greatest common factor of 11 and 143.
11
What is the greatest common divisor of 128 and 896?
128
Calculate the highest common factor of 142 and 18460.
142
Calculate the highest common divisor of 1281 and 21.
21
Calculate the highest common divisor of 62 and 1426.
62
What is the greatest common factor of 292 and 2847?
73
What is the greatest common factor of 558 and 54?
18
What is the greatest common divisor of 405 and 5?
5
Calculate the highest common divisor of 582 and 9.
3
Calculate the greatest common divisor of 637 and 52.
13
What is the highest common factor of 36 and 774?
18
Calculate the greatest common factor of 24 and 40.
8
What is the highest common factor of 1080 and 376?
8
What is the greatest common divisor of 11 and 33?
11
What is the highest common divisor of 630 and 60?
30
What is the greatest common factor of 31 and 62?
31
Calculate the greatest common factor of 2400 and 840.
120
Calculate the greatest common divisor of 1100 and 400.
100
Calculate the greatest common factor of 122 and 34.
2
What is the greatest common factor of 68 and 16?
4
Calculate the highest common factor of 27 and 216.
27
What is the greatest common factor of 13 and 1703?
13
What is the greatest common factor of 3621 and 204?
51
Calculate the greatest common divisor of 15 and 65.
5
Calculate the highest common factor of 11 and 4631.
11
What is the highest common divisor of 448 and 88?
8
Calculate the greatest common divisor of 351 and 3627.
117
What is the highest common divisor of 260 and 8710?
130
What is the highest common factor of 325 and 225?
25
What is the greatest common factor of 13 and 5785?
13
Calculate the highest common factor of 2992 and 6256.
272
What is the greatest common divisor of 27 and 8397?
27
What is the greatest common divisor of 949 and 146?
73
What is the highest common factor of 16 and 1?
1
Calculate the highest common divisor of 2975 and 2142.
119
What is the highest common divisor of 60 and 8?
4
Calculate the highest common factor of 2059 and 71.
71
What is the greatest common divisor of 11 and 55?
11
What is the greatest common factor of 266 and 76?
38
Calculate the greatest common divisor of 493 and 17.
17
Calculate the highest common factor of 2 and 8.
2
Calculate the greatest common divisor of 8207 and 29.
29
What is the highest common divisor of 128 and 676?
4
What is the highest common divisor of 2431 and 286?
143
Calculate the greatest common factor of 1350 and 175.
25
What is the greatest common divisor of 2144 and 2345?
67
Calculate the greatest common divisor of 30 and 1410.
30
What is the greatest common factor of 132 and 3300?
132
What is the greatest common divisor of 41 and 533?
41
What is the highest common factor of 1334 and 23?
23
Calculate the highest common divisor of 56 and 5656.
56
What is the greatest common divisor of 488 and 32?
8
What is the greatest common factor of 21 and 9366?
21
What is the highest common factor of 33 and 1668?
3
What is the highest common factor of 481 and 703?
37
Calculate the greatest common divisor of 24 and 1336.
8
Calculate the greatest common factor of 272 and 592.
16
What is the greatest common factor of 17 and 272?
17
What is the highest common factor of 322 a